{"id":22016,"date":"2013-11-05T07:28:37","date_gmt":"2013-11-05T06:28:37","guid":{"rendered":"https:\/\/www.deedeeparis.com\/blog\/?page_id=22016"},"modified":"2018-06-19T15:46:53","modified_gmt":"2018-06-19T13:46:53","slug":"mes-carnets-de-voyages","status":"publish","type":"page","link":"https:\/\/www.deedeeparis.com\/blog\/mes-carnets-de-voyages","title":{"rendered":"Mes carnets de voyages"},"content":{"rendered":"<p class=\"uppercase\">pour sortir des sentiers battus ailleurs qu&rsquo;\u00e0 Paris !<\/p>\n<p>Comme beaucoup, j&rsquo;aime voyager, d\u00e9couvrir de nouveaux pays, de nouvelles cultures, de nouvelles adresses. Tenir ce blog m&rsquo;a aussi permis de sortir de mon train-train quotidien et de voyager un peu plus que ce que j&rsquo;esp\u00e9rais dans mes r\u00eaves les plus fous et nourrir ces articles ann\u00e9es apr\u00e8s ann\u00e9es.\u00a0Depuis 2005, date de cr\u00e9ation du blog, j&rsquo;ai eu la chance de d\u00e9couvrir plus de 60 destinations. Vous trouverez ici toutes <strong>mes adresses, photos, bons plans pour chaque destination, tri\u00e9es par continent.\u00a0<\/strong><\/p>\n<p>Dresser cette liste m&rsquo;a aussi permis de r\u00e9aliser qu&rsquo;il y a encore \u00e9norm\u00e9ment de <a href=\"https:\/\/www.deedeeparis.com\/blog\/voyages-de-reve\" target=\"_blank\" rel=\"noopener\">voyages que je r\u00eave de faire<\/a>&#8230; La liste sera donc r\u00e9guli\u00e8rement mise \u00e0 jour !<\/p>\n<div class=\"vls-gf-album vls-gf-album-grid vls-gf-album-info-all\" data-vls-gf-album-id=\"58196\" data-vls-gf-total-pages=\"1\" style=\"margin-right:-10px;\"><div class=\"vls-gf-thumbnail-container\"><div class=\"vls-gf-page \" data-vls-gf-page-no=\"1\"><div class=\"vls-gf-row\"><div class=\"vls-gf-item vls-gf-item-2\"><div style=\"margin-right:10px; margin-bottom:10px; \"><a href=\"https:\/\/www.deedeeparis.com\/blog\/voyages-en-afrique\" \t\t\t\t\t\t\ttarget=\"_self\" \t\t\t\t\t\t\t\t\t\t\t\t\t\tstyle=\"padding-top:66.6667%\"><img\n\t\t\t\t\t\t\t\tclass=\"vls-gf-wide\"\n\t\t\t\t\t\t\t\tsrc=\"https:\/\/www.deedeeparis.com\/blog\/wp-content\/gf-uploads\/2018\/06\/preview-m\/voyage-Afrique.jpg?1529413367\" \t\t\t\t\t\t\t\talt=\"Afrique\"\/><div class=\"vls-gf-info-back\"><h2 class=\"vls-gf-info-caption\"\n\t\t\t\t\t\t\t\t\t>\n\t\t\t\t\t\t\t\t\tvoyage-Afrique\t\t\t\t\t\t\t\t<\/h2><h2 class=\"vls-gf-info-description\"\n\t\t\t\t\t\t\t\t\t>\n\t\t\t\t\t\t\t\t\tAfrique\t\t\t\t\t\t\t\t<\/h2><\/div><\/a><\/div><\/div><div class=\"vls-gf-item vls-gf-item-2\"><div style=\"margin-right:10px; margin-bottom:10px; \"><a href=\"https:\/\/www.deedeeparis.com\/blog\/voyages-en-amerique\" \t\t\t\t\t\t\ttarget=\"_self\" \t\t\t\t\t\t\t\t\t\t\t\t\t\tstyle=\"padding-top:66.6667%\"><img\n\t\t\t\t\t\t\t\tclass=\"vls-gf-tall\"\n\t\t\t\t\t\t\t\tsrc=\"https:\/\/www.deedeeparis.com\/blog\/wp-content\/gf-uploads\/2018\/06\/preview-m\/Voyage-Amerique.jpg?1529415768\" \t\t\t\t\t\t\t\talt=\"\"\/><div class=\"vls-gf-info-back\"><h2 class=\"vls-gf-info-caption\"\n\t\t\t\t\t\t\t\t\t>\n\t\t\t\t\t\t\t\t\tVoyage-Amerique\t\t\t\t\t\t\t\t<\/h2><h2 class=\"vls-gf-info-description\"\n\t\t\t\t\t\t\t\t\t>\n\t\t\t\t\t\t\t\t\tAm\u00e9rique\t\t\t\t\t\t\t\t<\/h2><\/div><\/a><\/div><\/div><\/div><div class=\"vls-gf-row\"><div class=\"vls-gf-item vls-gf-item-2\"><div style=\"margin-right:10px; margin-bottom:10px; \"><a href=\"https:\/\/www.deedeeparis.com\/blog\/voyages-en-asie\" \t\t\t\t\t\t\ttarget=\"_self\" \t\t\t\t\t\t\t\t\t\t\t\t\t\tstyle=\"padding-top:66.6667%\"><img\n\t\t\t\t\t\t\t\tclass=\"vls-gf-wide\"\n\t\t\t\t\t\t\t\tsrc=\"https:\/\/www.deedeeparis.com\/blog\/wp-content\/gf-uploads\/2018\/06\/preview-m\/voyage-Asie.jpg?1529415781\" \t\t\t\t\t\t\t\talt=\"Asie\"\/><div class=\"vls-gf-info-back\"><h2 class=\"vls-gf-info-caption\"\n\t\t\t\t\t\t\t\t\t>\n\t\t\t\t\t\t\t\t\tvoyage-Asie\t\t\t\t\t\t\t\t<\/h2><h2 class=\"vls-gf-info-description\"\n\t\t\t\t\t\t\t\t\t>\n\t\t\t\t\t\t\t\t\tAsie\t\t\t\t\t\t\t\t<\/h2><\/div><\/a><\/div><\/div><div class=\"vls-gf-item vls-gf-item-2\"><div style=\"margin-right:10px; margin-bottom:10px; \"><a href=\"https:\/\/www.deedeeparis.com\/blog\/voyages-en-europe\" \t\t\t\t\t\t\ttarget=\"_self\" \t\t\t\t\t\t\t\t\t\t\t\t\t\tstyle=\"padding-top:66.6667%\"><img\n\t\t\t\t\t\t\t\tclass=\"vls-gf-wide\"\n\t\t\t\t\t\t\t\tsrc=\"https:\/\/www.deedeeparis.com\/blog\/wp-content\/gf-uploads\/2018\/06\/preview-m\/Voyage-Europe.jpg?1529414681\" \t\t\t\t\t\t\t\talt=\"\"\/><div class=\"vls-gf-info-back\"><h2 class=\"vls-gf-info-caption\"\n\t\t\t\t\t\t\t\t\t>\n\t\t\t\t\t\t\t\t\tVoyage-Europe\t\t\t\t\t\t\t\t<\/h2><h2 class=\"vls-gf-info-description\"\n\t\t\t\t\t\t\t\t\t>\n\t\t\t\t\t\t\t\t\tEurope\t\t\t\t\t\t\t\t<\/h2><\/div><\/a><\/div><\/div><\/div><\/div>\n<\/div><div class=\"vls-gf-clear\"><\/div><\/div>\n","protected":false},"excerpt":{"rendered":"<p>pour sortir des sentiers battus ailleurs qu&rsquo;\u00e0 Paris ! Comme beaucoup, j&rsquo;aime voyager, d\u00e9couvrir de nouveaux pays, de nouvelles cultures, de nouvelles adresses. Tenir ce blog m&rsquo;a aussi permis de sortir de mon train-train quotidien et de voyager un peu plus que ce que j&rsquo;esp\u00e9rais dans mes r\u00eaves les plus fous et nourrir ces articles [&hellip;]<\/p>\n","protected":false},"author":2,"featured_media":22019,"parent":0,"menu_order":0,"comment_status":"open","ping_status":"open","template":"page-factorygallerynav.php","meta":{"_acf_changed":false,"footnotes":""},"class_list":["post-22016","page","type-page","status-publish","has-post-thumbnail","hentry"],"acf":[],"_links":{"self":[{"href":"https:\/\/www.deedeeparis.com\/blog\/wp-json\/wp\/v2\/pages\/22016","targetHints":{"allow":["GET"]}}],"collection":[{"href":"https:\/\/www.deedeeparis.com\/blog\/wp-json\/wp\/v2\/pages"}],"about":[{"href":"https:\/\/www.deedeeparis.com\/blog\/wp-json\/wp\/v2\/types\/page"}],"author":[{"embeddable":true,"href":"https:\/\/www.deedeeparis.com\/blog\/wp-json\/wp\/v2\/users\/2"}],"replies":[{"embeddable":true,"href":"https:\/\/www.deedeeparis.com\/blog\/wp-json\/wp\/v2\/comments?post=22016"}],"version-history":[{"count":23,"href":"https:\/\/www.deedeeparis.com\/blog\/wp-json\/wp\/v2\/pages\/22016\/revisions"}],"predecessor-version":[{"id":58242,"href":"https:\/\/www.deedeeparis.com\/blog\/wp-json\/wp\/v2\/pages\/22016\/revisions\/58242"}],"wp:featuredmedia":[{"embeddable":true,"href":"https:\/\/www.deedeeparis.com\/blog\/wp-json\/wp\/v2\/media\/22019"}],"wp:attachment":[{"href":"https:\/\/www.deedeeparis.com\/blog\/wp-json\/wp\/v2\/media?parent=22016"}],"curies":[{"name":"wp","href":"https:\/\/api.w.org\/{rel}","templated":true}]}}