{"id":3860,"date":"2010-03-09T15:53:28","date_gmt":"2010-03-09T14:53:28","guid":{"rendered":"https:\/\/www.deedeeparis.com\/blog\/?page_id=3860"},"modified":"2016-04-08T12:43:39","modified_gmt":"2016-04-08T10:43:39","slug":"adresses-paris","status":"publish","type":"page","link":"https:\/\/www.deedeeparis.com\/blog\/adresses-paris","title":{"rendered":"Adresses Paris"},"content":{"rendered":"<p class=\"uppercase\">Bienvenue sur le petit guide parisien \u00ab\u00a0tr\u00e9pidant et truculent\u00a0\u00bb !<\/p>\n<table class=\"mapstr-embedded-ctn\" style=\"height: 600px; width: 100%;\">\n<tbody>\n<tr>\n<td>\n<div data-mapstr-map=\"{&quot;tags&quot;:&quot;J905a5grIH,KosooNSbqb,ISf9B49HNN,oDoZvUFHOJ,8UsTuzwYZH,CBw6A4F1W9,rvEPcy9wWv,cR9jdoqDW4,FaQuzel70U,OE4rrTfsyx,X4QJgpImxf,IVVkTYB9yD,bWNk2gLfVI,0II2vdEPWl,Nl7Gv57lVa,bks0a7OFNZ,aqz369998J,MK3bKtIFhY,GwY79VV4yw,RZXbiZwRY1,kTjrp6xWjw,upgifuXDq5,ETn7p0I9Wg,fAQk91L0yV,0sGt1UAcCw,DyvOG6mJLx,hu243pC8QQ,J94xaHSHZI,VNK7Jvw9QG,DHn9RKq4fm,Nj5ErgY0H0,Vxu9omeJUC&quot;}\">Mapstr<\/div>\n<\/td>\n<\/tr>\n<\/tbody>\n<\/table>\n<p>Vous trouverez ici mes adresses pr\u00e9f\u00e9r\u00e9es \u00e0 Paris en mati\u00e8re de <strong>restaurants, de salons de th\u00e9, de bars, d&rsquo;h\u00f4tels&#8230;\u00a0<\/strong>Mais aussi de <strong>jolies boutiques<\/strong> ou d&rsquo;<strong>adresses beaut\u00e9<\/strong>\u00a0dignes de ce nom.<strong>\u00a0<\/strong><\/p>\n<h2>Astuces<\/h2>\n<ul>\n<li>vous pouvez naviguer par tags, ou sous forme de liste :<strong> tout est param\u00e9trable<\/strong> de part et d&rsquo;autre de la carte. Faites comme chez vous !<\/li>\n<li>si vous voulez <strong>retrouver cette carte sur votre smartphone<\/strong>, il suffit de t\u00e9l\u00e9charger l&rsquo;<strong>appli Mapstr<\/strong> (<a href=\"https:\/\/itunes.apple.com\/us\/app\/mapstr\/id917288465\" target=\"_blank\">iOs<\/a> aujourd&rsquo;hui, en cours de dev sous\u00a0Android) et d&rsquo;entrer le <strong>code DeedeeParis<\/strong>, eh hop !<\/li>\n<\/ul>\n","protected":false},"excerpt":{"rendered":"<p>Bienvenue sur le petit guide parisien \u00ab\u00a0tr\u00e9pidant et truculent\u00a0\u00bb ! Mapstr Vous trouverez ici mes adresses pr\u00e9f\u00e9r\u00e9es \u00e0 Paris en mati\u00e8re de restaurants, de salons de th\u00e9, de bars, d&rsquo;h\u00f4tels&#8230;\u00a0Mais aussi de jolies boutiques ou d&rsquo;adresses beaut\u00e9\u00a0dignes de ce nom.\u00a0 Astuces vous pouvez naviguer par tags, ou sous forme de liste : tout est param\u00e9trable [&hellip;]<\/p>\n","protected":false},"author":2,"featured_media":7587,"parent":0,"menu_order":0,"comment_status":"open","ping_status":"open","template":"page-adresses.php","meta":{"_acf_changed":false,"footnotes":""},"class_list":["post-3860","page","type-page","status-publish","has-post-thumbnail","hentry"],"acf":[],"_links":{"self":[{"href":"https:\/\/www.deedeeparis.com\/blog\/wp-json\/wp\/v2\/pages\/3860","targetHints":{"allow":["GET"]}}],"collection":[{"href":"https:\/\/www.deedeeparis.com\/blog\/wp-json\/wp\/v2\/pages"}],"about":[{"href":"https:\/\/www.deedeeparis.com\/blog\/wp-json\/wp\/v2\/types\/page"}],"author":[{"embeddable":true,"href":"https:\/\/www.deedeeparis.com\/blog\/wp-json\/wp\/v2\/users\/2"}],"replies":[{"embeddable":true,"href":"https:\/\/www.deedeeparis.com\/blog\/wp-json\/wp\/v2\/comments?post=3860"}],"version-history":[{"count":18,"href":"https:\/\/www.deedeeparis.com\/blog\/wp-json\/wp\/v2\/pages\/3860\/revisions"}],"predecessor-version":[{"id":37873,"href":"https:\/\/www.deedeeparis.com\/blog\/wp-json\/wp\/v2\/pages\/3860\/revisions\/37873"}],"wp:featuredmedia":[{"embeddable":true,"href":"https:\/\/www.deedeeparis.com\/blog\/wp-json\/wp\/v2\/media\/7587"}],"wp:attachment":[{"href":"https:\/\/www.deedeeparis.com\/blog\/wp-json\/wp\/v2\/media?parent=3860"}],"curies":[{"name":"wp","href":"https:\/\/api.w.org\/{rel}","templated":true}]}}