{"id":7271,"date":"2010-08-02T11:56:25","date_gmt":"2010-08-02T09:56:25","guid":{"rendered":"https:\/\/www.deedeeparis.com\/blog\/?page_id=7271"},"modified":"2014-03-11T14:38:23","modified_gmt":"2014-03-11T13:38:23","slug":"terrasses-a-paris","status":"publish","type":"page","link":"https:\/\/www.deedeeparis.com\/blog\/adresses-paris\/terrasses-a-paris","title":{"rendered":"Terrasses \u00e0 Paris"},"content":{"rendered":"<p style=\"text-align: center;\"><a href=\"https:\/\/www.deedeeparis.com\/blog\/wp-content\/uploads\/2013\/06\/TERRASSE2.jpg\"><img loading=\"lazy\" decoding=\"async\" class=\"size-full wp-image-19557 aligncenter\" alt=\"TERRASSES A PARIS\" src=\"https:\/\/www.deedeeparis.com\/blog\/wp-content\/uploads\/2013\/06\/TERRASSE2.jpg\" width=\"500\" height=\"354\" \/><\/a><\/p>\n<p>Voil\u00e0 quelques pistes o\u00f9 vous pourrez d\u00e9guster un petit caf\u00e9 en terrasse, le nez plong\u00e9 dans quelque canard !<\/p>\n<h4><strong><strong>\u2605\u00a0<\/strong><\/strong>1er arrondissement<\/h4>\n<ul>\n<li><strong>Le Restaurant du Palais Royal<\/strong><\/li>\n<\/ul>\n<p>Un restaurant situ\u00e9 au c\u0153ur des jardins du Palais Royal, \u00e0 c\u00f4t\u00e9 du Grand V\u00e9four. Terrasse de l\u00e9gende pour un moment hors du temps o\u00f9 une cuisine chic et innovante c\u00f4toie des plats de tradition.<\/p>\n<p><em>110 Galerie de Valois 75001 PARIS \u2013 01 40 20 00 27<\/em><\/p>\n<h4><strong><strong>\u2605\u00a0<\/strong><\/strong>2\u00e8me arrondissement<\/h4>\n<ul>\n<li><strong>Le Comptoir du Commerce<\/strong><strong> <\/strong><\/li>\n<\/ul>\n<p>Situ\u00e9e \u00e0 l\u2019angle de la so famous rue Montorgueil, le Comptoir du Commerce offre une petite terrasse toute simple ma foi fort agr\u00e9able dans ce quartier tr\u00e8s commer\u00e7ant.<\/p>\n<p>Comme souvent dans ces parages, elle n\u2019est toutefois pas bien grande\u2026 Ne tardez pas si vous voulez y s\u00e9journer pour un repas !<\/p>\n<p><em>Le Comptoir du Commerce \u2013 1 rue des Petits Carreaux\u00a0 75002\u00a0Paris \u2013 01 42 36 39 57<\/em><\/p>\n<h4><strong><strong>\u2605<\/strong><\/strong>\u00a03\u00e8me arrondissement<\/h4>\n<ul>\n<li><strong>Taeko<br \/>\n<\/strong><\/li>\n<\/ul>\n<p>Le march\u00e9 des Enfants-Rouges est une de mes haltes favorites. En quelques pas, un monde diff\u00e9rents s\u2019offre \u00e0 vous. Il flotte en ces lieux un parfum d\u2019ailleurs, de vacances, de fantaisie.<\/p>\n<p>Un lieu o\u00f9 vous pourrez d\u00e9guster des petits plats fran\u00e7ais, marocain, antillais, italien et japonais, chez Taeko !<\/p>\n<p><em>March\u00e9 des Enfants-Rouges \u2013 39, rue de Bretagne 75003 Paris \u2013 01 48 04 34 59<\/em><\/p>\n<ul>\n<li><strong>Andy Wahloo<\/strong><\/li>\n<\/ul>\n<p>Un petit havre de paix en plein de c\u0153ur de Paris\u00a0: la cour est immense, paisible, les serveurs adorables, la d\u00e9co de bric et de broc et les plats bons et abordables\u2026 L\u2019endroit est aussi boh\u00e8me que convivial. Vous l\u2019aurez compris, l\u2019Andy Wahloo est une valeur s\u00fbre\u00a0!<\/p>\n<p><em>69 rue des Gravilliers 75003 Paris \u2013 01 42 71 20 38<\/em><\/p>\n<h4><strong><strong>\u2605<\/strong><\/strong>\u00a04\u00e8me arrondissement<\/h4>\n<ul>\n<li><strong>La Caf\u00e9 Su\u00e9dois<\/strong><\/li>\n<\/ul>\n<p>Je nourris une passion d\u00e9vorante pour ce v\u00e9ritable havre de paix pas b\u00e9gueule pour un sou en plein c\u0153ur du Marais.<\/p>\n<p>La petite cours pav\u00e9e est calme, agr\u00e9able. Si vous y faites une pause, profitez-en pour d\u00e9guster les p\u00e2tisseries su\u00e9doises\u2026 elles valent VRAIMENT leur pesant de cacahu\u00e8tes !<\/p>\n<p><em>La Caf\u00e9 Su\u00e9dois \u2013 11 rue Payenne, 75004 Paris \u2013 01 44 78 80 11<\/em><\/p>\n<ul>\n<li><strong>L\u2019<a href=\"http:\/\/pagesperso-orange.fr\/ebouillante\/\">Ebouillant\u00e9<\/a><\/strong><\/li>\n<\/ul>\n<p>Une terrasse en pleine rue\u2026 mais attention, pas une art\u00e8re tr\u00e8s passante\u00a0! Au contraire, on se croirait ici dans une petite ville de province tant l\u2019ambiance qui r\u00e8gne sur ces lieux est paisible et douce. Allez-y plut\u00f4t pour boire un th\u00e9.<\/p>\n<p><em>6, rue Barres, 75004 Paris \u2013 01 42 71 09 69<\/em><\/p>\n<ul>\n<li><ins><strong>Le Georges <\/strong><\/ins><\/li>\n<\/ul>\n<p>Soyons clairs\u00a0: on ne va pas au Georges pour manger puisque le Georges est un \u00e9tablissement des fr\u00e8res Costes. Traduire bouffe de cantine m\u00e9diocre et plut\u00f4t ch\u00e8re et client\u00e8le fashion bobo facilement \u00e9nervante.<\/p>\n<p>En revanche, le Georges dispose de l\u2019une des plus belles terrasse de Paris\u00a0: sur les toits du Centre Georges Pompidou, en plein c\u0153ur de Paris avec une vue imprenable de Montmartre \u00e0 Notre Dame\u2026 Eh oui\u2026\u00a0!<\/p>\n<p><em>Restaurant au 6\u00e8 \u00e9tage de Beaubourg, 75004 Paris \u2013 01 44 78 47 99<\/em><\/p>\n<h4><strong><strong>\u2605\u00a0<\/strong><\/strong>5\u00e8me arrondissement<\/h4>\n<ul>\n<li><strong>La Mosqu\u00e9e de Paris<\/strong><\/li>\n<\/ul>\n<p>Comme vous le savez probablement, la Mosqu\u00e9e de Paris abrite un caf\u00e9 ainsi qu\u2019un restaurant. Le lieu est tout simplement fabuleux\u00a0: petite cour int\u00e9rieure \u00e0 l\u2019abri du bruit, th\u00e9 \u00e0 la menthe et \u00e9videmment, p\u00e2tisseries orientales \u00e0 se damner\u2026. Si le <a title=\"Hammam mosqu\u00e9e de paris\" href=\"https:\/\/www.deedeeparis.com\/blog\/hammam-mosquee-de-paris\" target=\"_blank\">hammam de La Mosqu\u00e9e de Paris<\/a> est \u00e0 proscrire, le restaurant vaut le d\u00e9tour\u00a0!<\/p>\n<p><em>Caf\u00e9 Maure de la Mosqu\u00e9e de Paris, 39 Rue Geoffroy Saint-Hilaire 75005 Paris \u2013 01 43 31 18 14<\/em><\/p>\n<h4><strong><strong>\u2605<\/strong><\/strong>\u00a07\u00e8me arrondissement<\/h4>\n<ul>\n<li><strong>Le Jardin de Varenne<\/strong><\/li>\n<\/ul>\n<p>Parce que le mus\u00e9e Rodin est un de mes mus\u00e9es favoris \u00e0 Paris, parce que les jardins du mus\u00e9e, bien que payants, sont extr\u00eamement agr\u00e9ables, je ne pouvais qu\u2019aimer ce troquet simplissime.<\/p>\n<p>Ici, point de chichis : on grignote de l\u2019easy food (sandwichs, petites salades\u2026) plus qu\u2019on ne d\u00e9guste un plat gastronomique, ou l\u2019on sirote une boisson fra\u00eeche \u00e0 l\u2019ombre d\u2019un marronnier en laissant voguer ses pens\u00e9es loin, tr\u00e8s loin.<\/p>\n<p>Allergiques aux enfants, toutefois, s\u2019abstenir !<\/p>\n<p><em>Le Jardin de Varenne \u2013 79 rue de Varenne, 75007 Paris \u2013 01 45 50 42 34<\/em><\/p>\n<ul>\n<li><strong>Le caf\u00e9 Branly<\/strong><\/li>\n<\/ul>\n<p>Si vous n\u2019avez pas encore mis les pieds au Caf\u00e9 Branly, foncez : vous aurez au moins l\u2019excuse de la terrasse pour y trainer ch\u00e9ri-ch\u00e9ri, plut\u00f4t r\u00e9fractaire \u00e0 la culturation !<\/p>\n<p>Les lieux sont noy\u00e9s dans un havre de verdure incroyable quand on sait qu\u2019on se trouve en plein c\u0153ur de Paris. Cadeau bonux : la vue sur la Tour Eiffel\u2026 What else.<\/p>\n<p><em>Le caf\u00e9 Branly \u2013 27, quai Branly, 75007 Paris \u2013 01 47 53 68 01.<\/em><\/p>\n<h4><strong><strong>\u2605<\/strong><\/strong>\u00a09\u00e8me arrondissement<\/h4>\n<ul>\n<li><strong>Le Mus\u00e9e de la Vie Romantique<\/strong><\/li>\n<\/ul>\n<p>Une bien belle adresse\u00a0: la cour est spacieuse et un peu hors du temps, les pav\u00e9s, la vigne folle sous la tonnelle et les tables de jardins vous invitent \u00e0 une pause propice \u00e0 une d\u00e9tente absolue\u00a0!<\/p>\n<p>Allez y de pr\u00e9f\u00e9rence dans l\u2019apr\u00e8s-midi pour profiter du soleil et d\u00e9guster les p\u00e2tisseries des <a href=\"http:\/\/www.lescakesdebertrand.com\/\">Cakes de Bertrand<\/a>.<\/p>\n<p><em>16 rue Chaptal, 75009 Paris \u2013 01 55 31 95 67<\/em><\/p>\n<h4><strong><strong>\u2605\u00a0<\/strong><\/strong>10\u00e8me arrondissement<\/h4>\n<ul>\n<li><strong>Le Point Eph\u00e9m\u00e8re<\/strong><\/li>\n<\/ul>\n<p>Dans la m\u00eame veine que la Bar Ourcq, m\u00eame si le Point Eph\u00e9m\u00e8re est situ\u00e9 pile sur les quais. La population y est h\u00e9las de plus en plus bobo, mais les lieux restent agr\u00e9ables.<\/p>\n<p><em>Le Point \u00c9ph\u00e9m\u00e8re \u2013 200 quai de Valmy, 75010 Paris<strong> \u2013 <\/strong>01 40 34 02 48<\/em><\/p>\n<ul>\n<li><strong><\/strong><strong>Le Caf\u00e9 A<\/strong><\/li>\n<\/ul>\n<p>Ici, pr\u00e9parez vous \u00e0 \u00eatre d\u00e9pays\u00e9 !<\/p>\n<p>Situ\u00e9 dans la cours d\u2019un ancien couvent, ce caf\u00e9 offre p\u00e8le-m\u00eale des arbres s\u00e9culaires, des bambous g\u00e9ants, des graviers qui crissent sous les pieds et des meubles de jardins. Un petit coin de Paradis situ\u00e9 en face de la Gare de l\u2019Est.<\/p>\n<p><em>Le Caf\u00e9 A, 148, rue du Faubourg-Saint-Martin, 75010 Paris, 01 40 34 06 57 <\/em><\/p>\n<h4><strong><strong>\u2605<\/strong><\/strong>\u00a015\u00e8me arrondissement<\/h4>\n<ul>\n<li><strong>Le G\u00e9n\u00e9ral Beuret<br \/>\n<\/strong><\/li>\n<\/ul>\n<p>Oui, d\u2019accord, c\u2019est \u00e0 l\u2019autre bout du monde. Mais si vous passez par la place Adolphe Ch\u00e9rioux, m\u00e9tro Vaugirard, osez un stop : c\u00f4t\u00e9 place, justement, une dizaine de tables offrent une relative qui\u00e9tude au sein d\u2019un quartier peu \u00e9pargn\u00e9 par les voitures.<\/p>\n<p>La terrasse de cet endroit n\u2019est pas inoubliable, soyons honn\u00eates, mais elle est appr\u00e9ciable.<\/p>\n<p><em>G\u00e9n\u00e9ral Beuret, 9 place du G\u00e9n\u00e9ral Beuret, 75015 Paris<\/em><\/p>\n<h4><strong><strong>\u2605<\/strong><\/strong>\u00a016\u00e8me arrondissement<\/h4>\n<ul>\n<li><strong>H\u00f4tel Rapha\u00ebl<br \/>\n<\/strong><\/li>\n<\/ul>\n<p>L\u2019H\u00f4tel Rapha\u00ebl, ses tapisseries, ses suites de luxe, son bar \u00e0 l\u2019ambiance feutr\u00e9e\u2026 et sa terrasse \u00e9poustouflante sur le toit de l\u2019h\u00f4tel.<\/p>\n<p>Soyons clair : l\u2019endroit n\u2019est pas simple. Cela \u00e9tant, si vous passez outre l\u2019aspect intimidant du lieu pour acc\u00e9der \u00e0 la terrasse\u2026. je ne vous dis que \u00e7a. Le premier cocktail sur les toits de l\u2019h\u00f4tel Rapha\u00ebl ne s\u2019oublie pas\u2026!<\/p>\n<p><strong> <\/strong> L\u2019H\u00f4tel Rapha\u00ebl \u2013 17 avenue Kl\u00e9ber, 75116 Paris<strong> \u2013 <\/strong>01 53 64 32 00<\/p>\n<ul>\n<li><strong>Le Caf\u00e9 de l\u2019Homme<\/strong><\/li>\n<\/ul>\n<p>La terrasse est pile en face de la Tour Eiffel et baign\u00e9e de soleil d\u00e8s midi\u2026 La nourriture est correcte, tr\u00e8s tendance, \u00e0 l\u2019image de la d\u00e9co soign\u00e9e et \u00e9l\u00e9gante.<\/p>\n<p>Mais c\u2019est d\u00e9finitivement la vue et la terrasse du restaurant qui domine Paris , la Seine, la Tour Eiffel et le Champs de Mars qui est l\u2019immense point fort du lieu et en fait un restaurant tendance de Paris incontournable et hors du commun.<\/p>\n<p><em>Restaurant <a href=\"http:\/\/www.lecafedelhomme.com\/\">Le Caf\u00e9 de l\u2019Homme<\/a>, 17, place du Trocad\u00e9ro 75016 Paris \u2013 01 44 05 30 15<\/em><\/p>\n<h4><strong><strong>\u2605<\/strong><\/strong>\u00a018\u00e8me arrondissement<\/h4>\n<ul>\n<li><em><strong>L\u2019\u00e9t\u00e9 en pente douce<\/strong><\/em><\/li>\n<\/ul>\n<p>Une ancienne boulangerie du d\u00e9but de si\u00e8cle transform\u00e9e en restaurant qui propose \u00e9galement un salon de th\u00e9. Une cuisine savoureuse et traditionnelle. Un d\u00e9cor simple et efficace.<\/p>\n<p>Mais surtout, surtout\u2026 Une terrasse avec une vue imprenable sur le Sacr\u00e9-C\u0153ur, situ\u00e9 \u00e0 quelques encablures \u00e0 peine du restaurant. Une adresse simple et pas prise de t\u00eate\u00a0!<\/p>\n<p><em>23, Rue Muller 75018 Paris \u2013 01 42 64 02 67<\/em><\/p>\n<h4><strong><strong>\u2605<\/strong><\/strong>\u00a019\u00e8me arrondissement<\/h4>\n<ul>\n<li><strong>Rosa Bonheur<br \/>\n<\/strong><\/li>\n<\/ul>\n<p>Rosa Bonheur, c\u2019est LE lieu fashion bobo \u00e0 tendance malgr\u00e9 tout plut\u00f4t sympa du moment.<\/p>\n<p>Situ\u00e9 en plein c\u0153ur du Parc des Buttes Chaumont, il offre, vous l\u2019aurez compris, bien plus qu\u2019une simple terrasse.<\/p>\n<p>L\u2019ambiance y est r\u00e9ellement bon enfant, avec, en fin de journ\u00e9e, une musique bonne, bonne, bonne sur laquelle vous pourrez ais\u00e9ment vous d\u00e9hancher jusqu\u2019au bout de la nuit\u2026 ou presque !<\/p>\n<p><em><a title=\"Rosa Bonheur\" href=\"http:\/\/www.myspace.com\/rosabonheurparis\" target=\"_blank\">Rosa Bonheur<\/a> \u2013 Avenue de la Cascade \u2013 Parc des Buttes Chaumont 75019 Paris<\/em><\/p>\n<ul>\n<li><strong>Le <a href=\"http:\/\/barourcq.free.fr\/\">Bar Ourcq<\/a><\/strong><\/li>\n<\/ul>\n<p>Un petit bar ma foi fort sympathique situ\u00e9 en bordure du bassin de la Villette. Ici, on vient trinquer, se poser dans un transat ou bien jouer \u00e0 la P\u00e9tanque, voire les trois si vous \u00eates t\u00e9m\u00e9raire\u00a0! Le clou sur la cerise\u00a0: les prix fort accessibles ce qui ne g\u00e2te rien, vous en conviendrez\u2026<\/p>\n<p><em>68 quai de la Loire, 75019 Paris- 01 42 40 12 26<\/em><\/p>\n<h4><strong><strong>\u2605<\/strong><\/strong>\u00a020\u00e8me arrondissement<\/h4>\n<ul>\n<li><strong>La Maroquinerie, dans le 20\u00e8me<\/strong><\/li>\n<\/ul>\n<p>L\u2019endroit se pr\u00eate \u00e0 de multiples usages\u00a0: dans ce caf\u00e9 litt\u00e9raire, on peut \u00e0 son aise r\u00e9citer des po\u00e8mes, \u00e9couter des concerts, rencontrer des auteurs,\u2026 et manger. Son atout\u00a0? Une petite cour int\u00e9rieure ultra agr\u00e9able. Quant au sous-sol, il est \u00e9quip\u00e9 d\u2019une salle de concert qui s\u2019est fait une place dans la programmation musicale \u00ab\u00a0off\u00a0\u00bb de la capitale. Un lieu quasiment tout-en-un qui vous r\u00e9serve bien des surprises\u00a0!<\/p>\n<p><em>23 Rue Boyer 75020 Paris<\/em><\/p>\n<h4><strong>Les terrasses \u00e0 \u00e9viter<br \/>\n<\/strong><\/h4>\n<p>Tant qu\u2019\u00e0 faire, autant savoir o\u00f9 il est vain d\u2019aller perdre son temps\u00a0!<\/p>\n<ul>\n<li><strong>Celle de Chez Janou<\/strong> : le propri\u00e9taire des lieux a visiblement prix la grosse t\u00eate, si j&rsquo;en crois la mani\u00e8re dont il m&rsquo;a re\u00e7ue, plusieurs fois, au t\u00e9l\u00e9phone. Il para\u00eet que l\u2019adresse vaut son pesant de cacahu\u00e8tes et pourtant, malgr\u00e9 mon opini\u00e2tret\u00e9, je n\u2019ai JAMAIS r\u00e9ussi \u00e0 y r\u00e9server une table\u2026<\/li>\n<\/ul>\n<ul>\n<li><strong>Celle de la Mer \u00e0 Boire, dans le 20\u00e8me :<\/strong> loulous de quartier qui menacent les clients et leur envoie des ballons dans la tronche, sans que les patrons, ni les serveurs, l\u00e8vent le petit doigt. Classe ou classe ?<\/li>\n<\/ul>\n<ul>\n<li><strong>Celle de l\u2019<a href=\"..\/index.php?2008\/07\/04\/861-apollo-restaurant-bar\">Apollo<\/a><\/strong> : quoique, en l\u2019occurrence, je crois que les lieux ont chang\u00e9 de propri\u00e9taire\u2026 Il faudrait que j\u2019aille y faire un tour pour vous dire si oui ou non, l\u2019accueil y est toujours aussi d\u00e9plorable\u2026 Affaire \u00e0 suivre\u00a0!<\/li>\n<\/ul>\n<ul>\n<li>La plupart des terrasses des bars, caf\u00e9s et restaurants de la <strong>Place du March\u00e9 Saint Honor\u00e9<\/strong> : la place est ultra agr\u00e9able. H\u00e9las, la plupart des bistrots du coin vous enverrons bouler comme un malpropre si vous avez l\u2019outrecuidance de vouloir boire un verre sans consommer, pauvresse que vous \u00eates !<\/li>\n<\/ul>\n","protected":false},"excerpt":{"rendered":"<p>Voil\u00e0 quelques pistes o\u00f9 vous pourrez d\u00e9guster un petit caf\u00e9 en terrasse, le nez plong\u00e9 dans quelque canard ! \u2605\u00a01er arrondissement Le Restaurant du Palais Royal Un restaurant situ\u00e9 au c\u0153ur des jardins du Palais Royal, \u00e0 c\u00f4t\u00e9 du Grand V\u00e9four. Terrasse de l\u00e9gende pour un moment hors du temps o\u00f9 une cuisine chic et [&hellip;]<\/p>\n","protected":false},"author":2,"featured_media":19354,"parent":3860,"menu_order":0,"comment_status":"open","ping_status":"open","template":"","meta":{"_acf_changed":false,"footnotes":""},"class_list":["post-7271","page","type-page","status-publish","has-post-thumbnail","hentry"],"acf":[],"_links":{"self":[{"href":"https:\/\/www.deedeeparis.com\/blog\/wp-json\/wp\/v2\/pages\/7271","targetHints":{"allow":["GET"]}}],"collection":[{"href":"https:\/\/www.deedeeparis.com\/blog\/wp-json\/wp\/v2\/pages"}],"about":[{"href":"https:\/\/www.deedeeparis.com\/blog\/wp-json\/wp\/v2\/types\/page"}],"author":[{"embeddable":true,"href":"https:\/\/www.deedeeparis.com\/blog\/wp-json\/wp\/v2\/users\/2"}],"replies":[{"embeddable":true,"href":"https:\/\/www.deedeeparis.com\/blog\/wp-json\/wp\/v2\/comments?post=7271"}],"version-history":[{"count":5,"href":"https:\/\/www.deedeeparis.com\/blog\/wp-json\/wp\/v2\/pages\/7271\/revisions"}],"predecessor-version":[{"id":7282,"href":"https:\/\/www.deedeeparis.com\/blog\/wp-json\/wp\/v2\/pages\/7271\/revisions\/7282"}],"up":[{"embeddable":true,"href":"https:\/\/www.deedeeparis.com\/blog\/wp-json\/wp\/v2\/pages\/3860"}],"wp:featuredmedia":[{"embeddable":true,"href":"https:\/\/www.deedeeparis.com\/blog\/wp-json\/wp\/v2\/media\/19354"}],"wp:attachment":[{"href":"https:\/\/www.deedeeparis.com\/blog\/wp-json\/wp\/v2\/media?parent=7271"}],"curies":[{"name":"wp","href":"https:\/\/api.w.org\/{rel}","templated":true}]}}